(-4)/14. Let k(f) = 4*f - 1. Let c(d) = i*k(d) + j(d). Calculate c(9).
-16
Let y(d) = -13*d - 3. Suppose 0 = -54*o - 462 - 24. What is y(o)?
114
Let g(n) be the second derivative of -28 + n**3 - 9/2*n**2 + n. Calculate g(2).
3
Let l(i) = -i**3 - 20*i**2 + 20*i - 39. Let w = -32852 + 32831. What is l(w)?
-18
Let o(g) = -45*g + 137. Let q(l) = -25*l + 73. Let c(a) = 4*o(a) - 7*q(a). Calculate c(-9).
82
Let g be -3*(-6)/9*(-5)/(-10). Let n(z) be the third derivative of -z**5/20 + z**4/12 - z**3/3 + 104*z**2 - 4. What is n(g)?
-3
Let s(o) = o**3 - 18*o**2 + 27*o + 83. Let f be s(16). Let k(v) = f*v - 2*v**3 + 7*v**2 + v**3 - 11*v**2 + 6 - v**2. Give k(-4).
-22
Let d(j) = -j**3 - 9*j**2 + 15*j + 3. Let y = -4739 - -4729. Calculate d(y).
-47
Let y(v) = 10*v + 49. Suppose -2420 = -7*f - 2455. Calculate y(f).
-1
Suppose -3*t - 12*t = 5*t + 2*t. Let w(x) = -x**3 + 2*x - 5. What is w(t)?
-5
Let i(a) be the third derivative of -a**5/60 - a**4/24 + a**2. Let o = 115 - 115. Suppose -15*r + 23*r + 24 = o. Give i(r).
-6
Let z(o) = -o**2 + 24*o + 212. Suppose -5*j + m = -154, -3*j - 3*m = -6*j + 90. What is z(j)?
-5
Let i(l) = 18*l + 11. Suppose 12*u - 241 = 107. Let j(f) = 37*f + 4 - 60*f + u*f. Let b(c) = -4*i(c) + 11*j(c). What is b(2)?
-12
Suppose 60*a - 62*a = -4*f - 14, -4*f = 4*a + 32. Let l(p) = -20*p - 8. Give l(a).
52
Suppose 5*i + 2*m = -774, -12*m = -4*i - 8*m - 636. Let l = i - -160. Let y(c) = -c**2 - 2*c + 3. Give y(l).
-21
Let p(r) be the second derivative of -r**4/24 + 19*r**3/6 + 105*r**2/2 - r - 1. Let m(f) be the first derivative of p(f). What is m(9)?
10
Let s(c) = 12*c - 135. Let b(v) = -5*v**2 - 28*v - 22. Let a be b(-4). What is s(a)?
-15
Let h(j) = -6*j + 34. Let c be h(10). Let l = c + 25. Let d be (0 - l) + 18/9. Let n(k) = -2*k**2 + 3*k + 4. Determine n(d).
-5
Let f(x) = -3*x - 2 + 0*x + 4*x. Let t(c) = 4*c**3 + 25*c**2 + 16*c + 53. Let r be t(-6). Determine f(r).
-9
Let l(j) = j**2 - j - 13. Let v = -165 - -180. Suppose 3*d - 5*i = -6 - 1, 0 = 2*d + 5*i + 13. Let z be d/(-10) - (51/v - 3). What is l(z)?
-13
Let b(o) = -98*o - 109*o - 2 + 211*o + 10. Calculate b(-1).
4
Suppose -24 = -5*b + 3*w + 9, 16 = 4*b - 5*w. Let u(a) = a + 18*a - 8*a - b*a - 7*a + 7. Determine u(6).
-23
Let c(d) = -d**2 + 9*d - 25. Let v(f) = -f**2 - f - 19. Let x(z) = c(z) - 2*v(z). Determine x(-13).
39
Let s(r) = -r - 1. Let n(v) = -4*v - 1. Let g(x) = -x + 50. Let c(j) = g(j) + 2*n(j). Let l be c(6). Give s(l).
5
Let i be 16 - -11*(-224)/176. Let r(c) be the first derivative of -1/2*c**i + 14*c - 15. What is r(9)?
5
Suppose -2 = 3*u - n - 0*n, 0 = -5*u - 2*n + 15. Let q(i) = -i**3 - 28*i**2 + 26*i + 37. Let y be q(-29). Let r(d) = 1 - 1 + 118*d**3 - y*d**3 - d. Give r(u).
-7
Let z(c) be the second derivative of -c**5/20 + c**4/2 - c**3/3 + 2*c**2 + 2*c - 52. Give z(3).
25
Let x(b) = 154 + 98 - 10 - 8316*b + 8347*b - 19. What is x(-7)?
6
Let m(r) = r**2 - r - 9. Let u(i) = -2*i + 10. Let d be u(-6). Let s = 26 - d. Suppose 4*x = 3*w - s, -2*x - 3 = x. Calculate m(w).
-9
Let h = -4814 + 4808. Let k(p) = -p**3 - 7*p**2 - 13*p - 34. Calculate k(h).
8
Suppose 0 = -202*i + 146*i + 448. Let h(r) = r**3 - 10*r**2 + 16*r - 4. Give h(i).
-4
Let w(u) = -u**2 + u + 7. Let r(g) = -15*g + 18. Let f be r(1). Suppose -f*y = 6*t - 9*t, 12 = 3*y. Determine w(t).
-5
Let j(r) = 20*r**2 + 12*r**2 + 26*r**2 + 6*r - 16*r**2 - 6. Determine j(1).
42
Suppose 64*q + 173 = 350 - 177. Let c(h) = -h + 7. Let m(i) = 1. Let z = 4 - 3. Let j(d) = z*c(d) - 6*m(d). Determine j(q).
1
Let a be ((-1)/3)/(11/(-693)). Let l = -16 + a. Let j be ((-24)/30)/2 - 18/l. Let i(k) = -k**3 - 4*k**2 - 2*k - 3. Determine i(j).
5
Let b(a) = a**2 - 8*a - 123. Let j be b(16). Let k be 640/(-60) + j/3. Let h(c) = c**2 + 10*c + 3. Give h(k).
-6
Let x(h) = h**2 - 4*h - 5. Let c = 12428 - 12424. Calculate x(c).
-5
Let s(w) = -17*w + 19. Let i(f) = 25*f - 21. Let c(h) = 5*i(h) + 6*s(h). Determine c(-1).
-14
Let b(y) = 10*y - 2. Let k(x) = 24*x**2 + 0 - 20*x**2 - 1 + 3*x**3 + 47*x**2. Let o be k(-17). Determine b(o).
-12
Let w(s) = 11*s**2 + 31*s - 4. Let k(c) = -2*c**2 - 6*c + 1. Let m(a) = 6*k(a) + w(a). Determine m(-8).
-22
Let x(w) = w**2 + w - 3. Let j(b) = b**3 - 5*b**2 - 29*b + 141. Let q be j(6). Give x(q).
9
Let w(d) = -22*d**2 + 6*d - 5. Let s(z) be the third derivative of -7*z**5/20 + 7*z**4/24 - z**3 + z**2 + 8*z. Let b(p) = -6*s(p) + 7*w(p). What is b(1)?
-27
Let g(d) = d**3 - d**2 - 4*d - 267. Let m be g(0). Let o = 262 + m. Let x(u) = u**2 + 6*u + 1. What is x(o)?
-4
Let c(n) = n**2 - 6*n - 7. Let f be (-40)/(-32) - ((-9)/(-12))/3. Let i(x) = -1. Let t(w) = -w + 16. Let l(j) = f*t(j) - 5*i(j). Let u be l(13). What is c(u)?
9
Let t(x) be the first derivative of -x**4/4 + 2*x**3/3 + 3*x**2/2 - 2*x - 1656. Calculate t(-3).
34
Let u(x) = -12*x**2 - 7*x**2 - 22 - 10*x**2 - 29*x - x**3 - 26*x. Calculate u(-27).
5
Let r = -146 - -226. Suppose 5*l + r = 5*g, 10*g + 64 = 14*g - 2*l. Let z(u) = u**3 - 17*u**2 + 15*u + 22. Give z(g).
6
Let a(i) = 27*i**2 + 108*i. Let s = -17018 - -17014. Determine a(s).
0
Let x(m) = -10*m + 51. Let p = 662 - 656. Calculate x(p).
-9
Let m(z) = 752 - 1424 - 8*z + 694. What is m(6)?
-26
Let n(y) = -3*y**2 + 2*y - 3*y + 0*y. Let i(k) be the third derivative of k**5/60 - k**4/4 + 4*k**3/3 - 136*k**2. Let o be i(3). What is n(o)?
-2
Let o(l) be the first derivative of 4*l**3/3 - 11*l**2 + 4*l - 70. Suppose -17*u - 29*u = -230. Calculate o(u).
-6
Let b(g) be the second derivative of -g**7/840 + g**6/120 + g**5/60 - 5*g**4/24 - 15*g**3/2 - 7*g. Let n(q) be the second derivative of b(q). Give n(4).
-13
Let a be (1*3)/(129/344). Let n(b) = -16 - a - b**2 + 39 + 2*b - 6. What is n(5)?
-6
Let q(t) = t - 1. Let z(x) = -4*x + 1. Let l be (-1)/(-5)*(4 + 1). Let h(b) = l*z(b) + 5*q(b). Suppose 2*p - 4*w = -0*w + 8, -5*p = -5*w - 10. What is h(p)?
-4
Let y = 233 + -226. Let i(b) = -b**2 + 6*b + 2. Let n be i(y). Let j(v) = -v**2 - 2*v + 4. Determine j(n).
-11
Let i(j) = -19*j + 16*j + 2*j. Let k(x) = 41*x - 111*x + 48*x - 1. Let l(n) = 4*i(n) - k(n). Calculate l(-1).
-17
Let m(o) = -o**3 - o**2 - o - 13. Let w(x) = x**3 - x**2 + 2*x. Suppose -12 = -4*a + 2*a. Let c be a/9 + (-10)/15. Let z be w(c). Give m(z).
-13
Suppose 0 = -28*f - 435 + 379. Let c(g) = -6*g**3 - 2*g**2 - 7*g - 2. Give c(f).
52
Suppose 3*d + 8 = 5*s, -36*d + 20 = -31*d. Let f(y) = -9*y + 8*y + 0 + s. Give f(-4).
8
Let s(d) = -4*d**2 - 4*d + 8. Let w(v) = -279*v + 11435. Let l be w(41). Give s(l).
-40
Suppose -463 = -18*h - 535. Let w(n) = n - 1. Suppose -2*v + 3*f + 18 = 0, f + 6 = -5*v + 17. Let z(c) = -2*c - 2. Let q(k) = v*w(k) + z(k). Determine q(h).
-9
Let u(s) = s - 23. Let g = 22077 - 22056. Determine u(g).
-2
Let j(n) = n**3 + 5*n**2 + n - 5. Let z(o) = -9*o + 112. Let l be z(18). Let u = -53 - l. Calculate j(u).
10
Let r(g) = -g**2 + 2*g + 13. Let w(h) = -3 + 10 + h + 0*h - 8. Let o(l) = -r(l) - 3*w(l). Let a be o(7). Let i(p) = p**3 - 3*p**2 - 2*p + 2. Give i(a).
10
Let q(m) = 20. Let u(l) = 23*l - 33. Let z(o) = -q(o) - u(o). Determine z(1).
-10
Let d be (24 + -10)/7*-3. Suppose -4*z = -6*z - 5*p + 37, 2*p = 4*z - 14. Let f(j) = 4*j - 8. Let m(q) = -q. Let h(b) = z*m(b) + f(b). Determine h(d).
4
Let f(z) = -6*z**2 + 30*z + 35. Let p(k) = k**2 - 6*k - 7. Let a(h) = 2*f(h) + 11*p(h). Let j be ((-14)/1)/(-2) - (-92 + 104). Determine a(j).
-2
Let v be (-12)/(-48)*2*0. Let m(c) be the third derivative of 0*c + v + 13/24*c**4 - 18*c**2 + 0*c**3. Calculate m(1).
13
Let q = 43 - 27. Let u(v) be the third derivative of -v**5/60 + 3*v**4/4 - 37*v**3/6 + 3*v**2 + 42*v. Give u(q).
-5
Suppose 0 = 15*w + 618 - 1207 + 604. Let f(r) = 9*r**2 - 2*r - 3. Give f(w).
8
Let w be 27 + -6 - ((-27)/(-3) + -4). Let v(b) = b**3 - 16*b**2 + 3. What is v(w)?
3
Let r(u) = u**3 - 7*u**2 - 19*u + 47. Let t be r(11). Let h = t - 325. Let q(f) = 4*f - 1 + f**2 - 3*f**3 + 3*f**2 + 4*f**3. What is q(h)?
-4
Let n(l) = 31*l + 1. Let m(c) = 287*c + 7. Let t(f) = -2*m(f) + 18*n(f). Give t(2).
-28
Let b(o) = -1114 + 522 + 546 - 4*o + 21*o. What is b(3)?
5
Suppose 3*b + 6 = 0, -3*z - 3*b + 321 = -96. Let j(g) = -7 - g**3 - 279*g - 6*g**2 + 138*g + z*g. Give j(-6).
-7
Let i be 18/1 - (-37 - -40). Suppose -6*z + 33 = i. Let s(q) = q**3 - 3*q**2 + 5*q - 